 l?
6
Suppose -8 = v + 3*v, -4*z + 34 = v. Suppose -7 = 3*n + 3*j + 8, 0 = 3*n - 3*j + z. What is the units digit of (0 + 4)/n*-91?
1
Let x(u) = 624*u - 11949. What is the tens digit of x(74)?
2
Let v = -43422 - -97345. What is the units digit of v?
3
Let s(j) = 6 - 3*j - 31 + 0*j + 2*j. Let p be s(-17). What is the units digit of ((-12)/p)/((-12)/(-64))?
8
Let b(m) = -3*m + 41. Let v(j) = -5*j + 83. Let o(w) = -11*b(w) + 6*v(w). Let g = -17 + 2. What is the units digit of o(g)?
2
Suppose 23 + 187 = 3*t. Let r = t - -35. Suppose 10*u - r - 25 = 0. What is the units digit of u?
3
Suppose -3*j = -26 + 11. Suppose 3*h - i = 669, 3*h - j*i - 92 = 565. What is the units digit of ((h/12)/4)/((-4)/(-6))?
7
Let i = -477 - -903. Let y = i - 82. What is the tens digit of y?
4
Let g = 3328 - -1928. What is the units digit of g?
6
Suppose 0 = -5*g - 3*w + 1383, -3*g + 0*w = -2*w - 826. Let i = g - 184. Suppose 2*x - x = i. What is the units digit of x?
2
Let l(y) be the second derivative of y**5/60 - y**4/8 - 3*y**3/2 + 5*y**2 - 3*y. Let p(g) be the first derivative of l(g). What is the units digit of p(5)?
1
Let u = 76 - 76. Suppose u = 10*g + 2*g + 84. What is the units digit of g + 97 - (0 + (-8)/(-2))?
6
Let m(y) = -3*y**2 + 26*y + 25. Let n be m(8). Let w = n - -826. What is the tens digit of w?
6
Suppose -1602 = -4*f + v, -f - 3*v = 4*f - 1994. Suppose f = 2*b - 108. What is the hundreds digit of b?
2
Let x = 19673 + -13401. What is the thousands digit of x?
6
Let l = 2334 + -991. What is the hundreds digit of l?
3
Let m = 68985 - 39414. What is the tens digit of m?
7
Let u = -4240 + 8100. What is the tens digit of u?
6
What is the hundreds digit of -2 + -1 + -4 - (-3 - 1 - 14370)?
3
Let f be (-2)/8*48/(-4). Suppose f*n + 10 + 17 = -2*v, -3*v - 2*n - 28 = 0. What is the units digit of 1 + 242 - 5/((-10)/v)?
0
Suppose 5*f - 79*m + 77*m = 26, 2*m = f - 10. Let c(b) = 83*b**2 + 9*b + 3. What is the units digit of c(f)?
7
Let i(g) = -2*g + 11. Let w be i(7). Let z(n) = 75*n - 4. Let l(v) = 151*v - 7. Let u(r) = w*l(r) + 7*z(r). What is the hundreds digit of u(2)?
1
Suppose -2*f = -21 + 15. Suppose 4*y - 1123 = f*n + 263, 4*y - 1384 = 4*n. Suppose 5*m - 4*b = y - 0, 2*m - 5*b = 129. What is the tens digit of m?
7
Suppose -438866 = -79*i + 173170 + 522483. What is the units digit of i?
1
Let g(p) = -8*p**2 - p + 22. Let l(t) = -5*t**2 - 23 + 5*t**2 - 5*t**2 + t + 14*t**2. Let w(y) = -7*g(y) - 6*l(y). What is the hundreds digit of w(8)?
1
Let y(u) = 16*u - 24. Let g(b) = 2*b**2 - 3*b - 1. Let w be g(-1). Let x be y(w). Let n = x + -37. What is the units digit of n?
3
Let y = 113972 - 65497. What is the thousands digit of y?
8
Let m = 1838 + 1411. What is the units digit of m?
9
What is the hundreds digit of (-228)/(-342) - 334/12*-214?
9
Suppose 2*h = 3*c - 131397, 5*c = -209*h + 213*h + 218999. What is the tens digit of c?
9
Let g be (-2)/(-7) - 88/14. Let h be (1 - 1)/(4 + g). Suppose 2*q - p = -2*q + 265, -3*p - 3 = h. What is the tens digit of q?
6
Let k(h) = -33*h**3 + 12*h**2 - 15*h - 17. What is the units digit of k(-6)?
3
Let d(t) = 2*t**2 - 21*t - 221. What is the units digit of d(-42)?
9
Suppose p = -0*p - p + 22674. What is the hundreds digit of p?
3
Suppose -40*d + 52320 = -5966 - 496594. What is the units digit of d?
2
Let x(b) = -b**3 + 27*b**2 - 27*b + 34. Let r be x(26). Suppose r*y = 13*y - 1755. What is the units digit of y?
1
Let k = 1098 + -559. Let i = k - 48. What is the units digit of i?
1
Let f(r) = 220*r + 2. Let k(p) = 4*p + 113. Let o be k(-28). What is the units digit of f(o)?
2
Let n = 243 - 242. Let w(m) = 1127*m**2 - 7*m. What is the units digit of w(n)?
0
Let l be -1*(-2 + 1) - -3. Suppose -3*w + l*w - o = -23, -83 = 4*w - o. What is the units digit of (1/((-6)/w))/(4/54)?
5
Let r = -41 - -43. Suppose 261 = -r*c + 269. Suppose w - c*k = 102, 0 = w + 6*k - 4*k - 126. What is the units digit of w?
8
What is the tens digit of 8 + 1416 - -2 - 7?
1
Let h(j) = -j**3 + 13*j**2 - 4*j + 24. Let v(b) = -5*b + 56. Let a be v(9). What is the tens digit of h(a)?
2
Let d be (-1328)/20 - ((-12)/5 + 2). Let c = 74 - 136. Let k = c - d. What is the units digit of k?
4
Let g(y) be the second derivative of y**5/10 - 2*y**4/3 - 19*y**3/6 + 15*y**2 + 4*y. Suppose -17*j = 4*j - 147. What is the tens digit of g(j)?
9
Let g be (2016/567)/(2/9). Suppose -434 = g*c - 11346. What is the tens digit of c?
8
Suppose -352 = 4*w - 3*t - 1227, 0 = 2*w - 5*t - 427. Let d = w + 278. What is the tens digit of d?
9
Suppose 16*z = -471 + 231. What is the hundreds digit of (85688/60 - 1) + 2/z?
4
Let t = -526 + -41. Let m = 1742 + t. What is the tens digit of m?
7
Let t = 770 - 350. Let w = t + 353. What is the hundreds digit of w?
7
Suppose 4*t = -2*l + 24, 2*t = 4*l + 5 - 53. Let r be 86/(-215) - (-3222)/5. Suppose l*h = 8*h + r. What is the units digit of h?
1
Suppose -5*a - 25 = -2*w + 13, 2 = a. What is the tens digit of w*-9*4/(-4)?
1
Let w = 65 - 60. Let n(o) = -5*o**2 - 27*o + 15. Let r(g) = 3*g**2 + 18*g - 10. Let i(d) = w*n(d) + 8*r(d). What is the units digit of i(8)?
3
Let t(k) = -2*k**2 + 42*k - 38. Let o be t(19). Suppose -5*a - 69 = -4*i, 4*a = i + 6*a - 27. Let w = o - i. What is the units digit of w?
7
Let k = 294 + -57. Suppose 2*f - 134 = 3*w, 7*f + 124 = -3*w + 11*f. Let n = w + k. What is the units digit of n?
9
Let i be (2/(-6)*2)/(16/5040). Let v = i + 218. What is the units digit of v?
8
What is the thousands digit of 3/12 + (-354543)/(-84)?
4
Let k(y) = y**2 - 3*y + 5. Let x be k(3). Let w = -26 - -26. What is the tens digit of (x - 74)*(-1 + w) + 1?
7
Suppose 5*o + 1967 - 8867 = 0. Suppose 14*t = 8*t + o. What is the tens digit of t?
3
Let t(n) = -157*n**2 + 6140*n - 19. What is the ten thousands digit of t(11)?
4
Let h = -23294 + 72354. What is the tens digit of h?
6
Suppose 7 + 4 = 3*h + l, -h + 3*l = -7. Suppose 3*r = -h*b + 572, -r + 5*r - 436 = -3*b. What is the units digit of b?
0
Let o be 5 + (4 - 3 - -2). Let h(n) = -5 + 10*n - 10*n**2 - o + n**3 - 2*n. What is the tens digit of h(10)?
6
Let i be -2 + 2 - 18/(-6). Let g be 2/(-3)*i + (-5130)/(-5). Suppose 9*v - 17*v + g = 0. What is the units digit of v?
8
Suppose 6 = 5*k - 0*v + 2*v, -2*v - 4 = 0. Let t(h) = -h**k + 10*h**2 - 7*h**2 + 96 - h. What is the units digit of t(0)?
6
Let r be 334/7 + 9/(189/6). Let o = r - 43. Suppose -3*j = 2*f - 88, 3*f - o*f = -2*j + 72. What is the units digit of j?
2
Let w be -8*1/(-10)*5. Let s(v) = -13*v**3 - 6*v + 15*v**2 + 20 + 14*v**3 - w*v**2. What is the tens digit of s(-11)?
8
Let u(j) = 3*j**3 + 7*j**2 - 11*j + 15669. What is the ten thousands digit of u(0)?
1
Let s(y) = -y**3 + 23*y**2 + 2*y - 39. Let r be s(23). What is the tens digit of -3 + 7682/r + 12/(-28)?
9
Suppose -5*w - 4*m = 344, 148 = -2*w - 0*w + m. Let j be ((-3)/6 - 2)*44. What is the units digit of w/(-90)*(j/(-4) - 0)?
2
Let t(c) = 44*c**3 + 11 - 22*c**3 + 4*c**2 + 13*c**2 - 20*c**3 - 16*c. What is the units digit of t(-8)?
3
Suppose 14*q - 540 = 8700. Let p = q + -570. What is the tens digit of p?
9
Suppose -3 + 99 = 3*p. Let h be 5/(-8) - 12/p. What is the units digit of (-44)/h - 2*1/2?
3
Let m(c) = -20*c - 1. Let k be m(-1). Let z(q) = 2*q + 6*q**2 + k - 6*q - 5*q + 3*q. What is the hundreds digit of z(-6)?
2
Let j = 21 - 20. What is the hundreds digit of (-2)/(2*j) + 273 + 29?
3
Suppose 70 = 3*g + 58. What is the tens digit of 1866/g + (-10)/20?
6
Let p(a) = a**2 + 11*a + 5. Let d be p(-15). Let o = -56 + d. What is the units digit of o?
9
What is the tens digit of (7135/(-1))/(((-6)/(-15))/((-8)/10))?
7
Let z(t) = -222*t - 432. What is the tens digit of z(-36)?
6
Suppose -26*s = -27*s. Let n be 1/(-4)*2*-56. Suppose s*d + n = d. What is the units digit of d?
8
Let m be (1/(-2))/((-24)/10224). Suppose 16*o - 2923 = m. Suppose -o = 7*z - 14*z. What is the units digit of z?
8
Let b(p) = p - 2. Let z be b(6). Suppose -4*i + 12 - 2 = 2*d, d = -4*i + 7. What is the units digit of z*d*87/12?
7
Suppose 20002 = x - 4*y, -4*y + 1 = 17. What is the ten thousands digit of x?
1
Let v(i) = 2*i + 5098 - 16*i - 4715. What is the tens digit of v(-12)?
5
Let r(c) = 3*c**2 - 1. Let l be r(1). Suppose -5*k + 5*z + 5885 = 0, 2*k = 7*k - l*z - 5873. What is the tens digit of k?
7
Le